*p + 3. Suppose -18 = -5*o - 4*z - 4, 5 = 5*z. Let w be 5 + (2 + 0)/((-2)/o). Let x(l) = l - 8. Let i be x(w). Give q(i).
-12
Suppose j + 37 = 15. Let x be (6 - (1 - 4)) + j + 18. Let r(t) be the second derivative of t**4/12 - t**3 + t. Calculate r(x).
-5
Let x(q) be the second derivative of -q**4/6 - 5*q**3 - 21*q**2/2 + 1507*q + 2. Calculate x(-14).
7
Let f(y) = 2*y + 4. Let s be ((-76)/(-6) + 0)*3/(-2). Let k be ((-2)/5)/((-1)/(-5)) + s. Let h = -28 - k. Determine f(h).
-10
Let x(b) = -2*b**2 + 4*b - 12. Let y be x(3). Let r = y - -22. Suppose -r*c - 7 = 17. Let q(v) = -v. Calculate q(c).
6
Let c(f) be the first derivative of 3*f**2/2 + 3*f + 854. Calculate c(6).
21
Let q(b) = -9*b**2 + b + 2. Let j(l) = -20*l**2 + l + 8. Let n(g) = 4*j(g) - 9*q(g). What is n(-6)?
80
Let w(h) be the first derivative of h**7/840 - h**4/3 + 18*h**3 + h**2/2 - 73. Let p(l) be the third derivative of w(l). What is p(0)?
-8
Let w(n) = 7*n. Suppose 29*m - 101 + 14 = 0. Let c be 2 + m*(-6 - -5). What is w(c)?
-7
Let g(q) = q + 4. Let d(t) = t + 5. Let x be -2*1*29/58. Let z(u) = x*d(u) + 2*g(u). Calculate z(0).
3
Let w(j) = 23*j. Let g(f) = f**2 - 2*f - 6. Let c be g(6). Suppose n + h = 5*n + 73, 2*n + 5*h = -9. Let a = n + c. Give w(a).
23
Suppose 4*u - 18*x = -15*x + 88, -2*u - x = -44. Let m(y) = -y**2 + 41*y - 419. What is m(u)?
-1
Let f(v) = 5*v - 8. Let t = -524 - -518. Let n be (-6)/(-1) + -1 + t/(-2). Calculate f(n).
32
Let u be (3/6)/((-5)/10) + 3. Suppose 92*s = 86*s + 72. Let c(w) = 6*w**2 + s*w - 2*w**3 - 15*w + 5 + 3*w**3 - u*w**3. What is c(6)?
-13
Let o = 672 + -680. Let f(n) = 7*n**3 - 3*n**2 + n + 5. Let h(v) = 11*v**3 - 4*v**2 + 2*v + 9. Let g(i) = o*f(i) + 5*h(i). Determine g(5).
-10
Let k(t) = -2*t**3 - t + 6. Let u(m) = -m**3 + m**2 + m + 1. Let o = 225 + -224. Let i(s) = o*k(s) - 3*u(s). What is i(4)?
3
Suppose -4*b + 96 = 8*b. Let q(l) = b - 7 + 0 - 7*l. Determine q(-7).
50
Let g(j) be the second derivative of 13/20*j**5 + 1/6*j**3 + 1/12*j**4 + 0 - 102*j - 1/2*j**2. Give g(1).
14
Let y(u) = -u - 5. Let j(d) = -d**2 + 7*d + 2. Let q(k) = -k - 1. Let i(o) = -j(o) - q(o). Let g be i(7). Suppose g = -2*l - 8. Determine y(l).
2
Let b(s) = s**2 + s - 54. Let d be b(-8). Let f(v) = -48*v + 27*v + 22*v - d. Determine f(4).
2
Let a(v) = 61*v + 60*v + 53*v + v**2 - 173*v. Let o(h) = 9*h**2 + 1. Let t(w) = -2*a(w) + o(w). Calculate t(1).
6
Let z(p) = p**3 - 55*p**2 + 54*p + 6. Suppose 27*f - 36*f = -307 - 179. Determine z(f).
6
Let r(k) = -k**2 + 13*k + 32. Let x = -6035 - -6050. What is r(x)?
2
Let w(x) = 8*x**2 - 21*x + 54. Let l(m) = 7*m**2 - 21*m + 46. Let u(s) = -6*l(s) + 5*w(s). Let j(d) = d**2 - 12*d - 3. Let h be j(13). Calculate u(h).
4
Suppose 0 = -4*u - 14 - 22, -5*i - 4*u = -19. Let d(r) = 2*r - 45. Calculate d(i).
-23
Suppose -5*g - 20 = 0, -o + 28 = 2*g - 6*g. Let i(x) = -9*x + o + 8*x - 2*x + x. Suppose -7*k + 12 = -51. What is i(k)?
-6
Suppose 12*r = -5*r + 425. Let u(h) = -449 + 230 - r*h**3 + 218 - h. Determine u(-1).
25
Let o(h) = 2*h**2 + 4*h + 4. Suppose 3*d - 2*q - 8 = 38, 16 = d - q. Suppose 5*k + d = -6. Calculate o(k).
20
Let k(q) = -9*q - 17. Suppose -24*d - 93 - 177 = -6*d. Calculate k(d).
118
Let t(f) = -11*f + 15 - f - f**2 - 7 + 9 - 10. Calculate t(-12).
7
Let d(c) be the second derivative of -9 - c - 1/4*c**4 + 1/20*c**5 - 2/3*c**3 + 3/2*c**2. Calculate d(4).
3
Let x(g) = -11988*g - 69. Let l be x(-4). Let t(j) = -16*j**3 - j**2 - l + 47883. What is t(1)?
-17
Let d(h) be the first derivative of h**4/4 - 5*h**3 - 15*h**2/2 - 22*h - 7538. Calculate d(16).
-6
Let x(y) = y**3 - 17*y**2 + 34*y + 18. Let b(n) = -3*n**3 + 33*n**2 - 74*n - 38. Let c(u) = -2*b(u) - 5*x(u). Determine c(-20).
26
Let x(b) = -2*b**2 + 22*b - 7. Let q(a) = -6*a**3 + 3*a**2 + a - 3. Let y be q(1). Let v(w) = -3*w**2 + 32*w - 11. Let l(k) = y*v(k) + 8*x(k). Calculate l(16).
-1
Suppose -2*z - 21 = -5*z. Let q = z - 4. Let s(m) = -5 + 9*m**3 + 8*m**3 + m - 1 - 18*m**q. Determine s(0).
-6
Let j(x) = x**3 - 16*x**2 - 31*x - 88. Let n = 11511 - 11493. What is j(n)?
2
Suppose 3*x + 471 = 3*j, 3*j + 5*x = 2*j + 145. Let r(m) = j*m - 3 - 153*m - 6*m**2 + m**3 + 2*m**2. What is r(3)?
-6
Let p(t) be the first derivative of 5*t**3/3 + 25*t**2/2 + 28*t - 1. Let h(u) = u**2 + 6*u + 7. Let l(c) = 9*h(c) - 2*p(c). Let j = 2403 + -2397. What is l(j)?
-5
Suppose -2*m - 4*d + 8 = 2*m, 3*d = 4*m - 36. Let b(f) = -f**3 + 40*f**2 + 40*f + 97. Let v be b(33). Let h(i) = i - 2*i - v + 9046. Calculate h(m).
0
Let r(t) = -848 - t**3 + 413 + 9*t + 4*t + 419 + 10*t**2. What is r(11)?
6
Let n = 731 + -736. Let a(v) = 3*v**2 - 3*v - 3. Let u(f) = 4*f**2 - 2*f - 3. Let i(g) = -5*a(g) + 4*u(g). Calculate i(n).
-7
Let o be 240/210*7/2. Let y(c) be the first derivative of -c**4/4 + 5*c**3/3 - 3*c**2/2 - 55. Calculate y(o).
4
Suppose -2*y - 40 = -5*f, 4*y - 40 = -23*f + 21*f. Let n(j) = j**3 - 12*j**2 + 13*j + 7. Calculate n(f).
-63
Let x(d) be the second derivative of 2*d**3/3 - 4*d**2 + d + 8. Let f be (3 - (-2 - 1)) + -12. Determine x(f).
-32
Let v(h) be the first derivative of -6*h**2 + 22*h - 1711. Determine v(5).
-38
Let d(h) = -h**3 + 9*h**2 - 13*h - 15. Let j(q) = 1285*q + 11569. Let k be j(-9). What is d(k)?
13
Let k(m) = 0*m + 4*m**2 + 5 + 0*m**2 - m - 5*m**2. Suppose -607*a + 604*a - 12 = 0. Determine k(a).
-7
Let r(o) be the third derivative of 5/8*o**4 - o**2 + 5/2*o**3 + 6*o + 0 + 1/4*o**5 + 1/120*o**6. Determine r(-14).
1
Let f(b) = b**2 - b + 3. Let h be f(3). Let y(w) = -29*w**3 + 7*w**2 + 4*w + 11. Let n(l) = 13*l**3 - 4*l**2 - 3*l - 4. Let i(c) = 9*n(c) + 4*y(c). Give i(h).
-10
Suppose 5*x - 30 = 5*s, 28 = 5*x - s + 26. Let h(y) = -9*y**2 - 4*y - 5. Determine h(x).
-10
Let n(t) = -t**2 - t - 7. Let y be n(-8). Let h = y - -79. Suppose -h = -2*z - 16. Let s(x) = x - 8. Determine s(z).
-8
Suppose -i - 2 = 2. Let o = 2 - i. Let b(m) = -7*m**2 + 5*m + 45. Let u(j) = 5*j**2 - 6*j - 28. Let f(x) = -2*b(x) - 3*u(x). What is f(o)?
6
Let n = 558 - 554. Let r(d) = 4 - 3 - 5*d + 0 - n + 4*d. Let l be (2/4)/(1/(-10)). Determine r(l).
2
Suppose -3*n = -18*n + 405. Suppose 5*g - 62 = -5*u - 7, -2*g - n = -5*u. Let j(b) = -b**2 + 9*b - 6. Give j(u).
8
Suppose -1181*i + 60 = -1187*i. Let p(c) = 7*c**2 + 17*c + 6. Let u(d) = -3*d**2 - 9*d - 3. Let k(q) = 2*p(q) + 5*u(q). Give k(i).
7
Suppose -24 + 4 = -4*p. Let m(i) = 12 - 17 + i + 4. Let d(q) = -3*q + 6. Let o(n) = d(n) + 2*m(n). Determine o(p).
-1
Let b(q) = 10*q + 25. Let w be (-68)/(-204) + (-7)/3. Calculate b(w).
5
Let d(n) = 97*n**2 - 98*n**2 + 6 + 2*n - 8. Let c(q) = -q**3 - 10*q**2 + 22*q - 20. Let l(v) = c(v) - 6*d(v). Determine l(-6).
4
Let c(w) = 21 + w**2 - 9*w + 16 + 20 - 63 + 15. Determine c(3).
-9
Let m be (-16)/8*-2*1. Let s(f) be the second derivative of -f**6/360 + f**5/30 + 2*f**4/3 + 3*f. Let n(h) be the third derivative of s(h). Determine n(m).
-4
Let b(o) be the third derivative of 7*o**4/12 + 55*o**3/3 + 654*o**2 - o + 2. Give b(-7).
12
Let w(v) be the second derivative of v**4/12 + 11*v**3/6 + 3*v**2 + 5*v + 5. Determine w(-4).
-22
Let n(b) = -b**3 + b**2 - b - 4. Suppose -w + 3*l + 2965 = -6*w, -w - 593 = 2*l. Let z = w + 593. Determine n(z).
-4
Let a(q) = -5*q**2 + 36*q + 93. Let i(c) = 3*c**2 - 24*c - 62. Let w(v) = 5*a(v) + 8*i(v). Let f be w(-9). Let u(y) = -y**2 - y - 2. What is u(f)?
-14
Suppose -3*v + 9 = -0. Let r(s) be the first derivative of -9*s**2/2 + 4*s - 487. Determine r(v).
-23
Let k(v) be the second derivative of -v**5/20 + v**4 - 8*v**3/3 - 19*v**2 - 3308*v. Calculate k(10).
2
Let j(y) = y**3 - 2 + 169314*y - 169320*y + y**2 + 0*y**2. Determine j(-3).
-2
Let i(j) = j - 1. Let n be i(-1). Let s(l) be the second derivative of l**3/2 + 2*l**2 + 678*l. What is s(n)?
-2
Let c(n) = -3*n + 6. Suppose -7*v = -31 + 80. Let a(m) = 2*m - 4. Let r(k) = v*a(k) - 5*c(k). What is r(0)?
-2
Let r(b) = 5 + 7*b**2 - 2*b**3 + 0 + 3*b**3 + b + 0*b. Let h be 4*(-10)/180 - 218/(-9). Suppose -14 = h*d - 22*d. Give r(d).
-2
Let l(m) = m**3 - m**2 - 1. Let r = 29 - 43. Let b be ((-2)/(-4)*r)/(-1). Suppose 2*f - b + 3 = 0. Calculate l(f).
3
Let p(u) = 5*u**3 - 5*u**2 - 18*u - 22. Let b(c) = -12*c**3 + 8*c**2 + 38*c + 45. Let j(g) = -3*b(g) - 7*p(g). Calculate j(-10).
-1
Suppose -4*l + 10 = -2*l. Let k(b) = -4*b**2